e number?
True
Is 219596593 prime?
False
Is 31469 composite?
False
Is 3066787 a composite number?
False
Is 17447863 a composite number?
False
Is 111136687 a prime number?
False
Is 765707 a composite number?
False
Is 433033 a prime number?
True
Is 1261483 composite?
True
Is 139053947 composite?
False
Is 431664094 prime?
False
Is 17535611 composite?
False
Is 22067579 a prime number?
False
Is 2619347531 a prime number?
True
Is 15119017 prime?
True
Is 13957273 composite?
True
Is 41846849 a prime number?
False
Is 20985733 composite?
True
Is 3819701 composite?
True
Is 232563311 a composite number?
True
Is 15578239 a composite number?
True
Is 57352105 composite?
True
Is 6659317 a prime number?
False
Is 238523801 a composite number?
False
Is 15926627 prime?
True
Is 379039 composite?
False
Is 25302323 a prime number?
False
Is 93727141 a composite number?
False
Is 2558317 composite?
False
Is 12266249 a composite number?
False
Is 36382063 composite?
True
Is 19736393 composite?
False
Is 1151573 a composite number?
True
Is 44893911 prime?
False
Is 12921319 prime?
False
Is 178071827 composite?
False
Is 1179797 composite?
False
Is 64653697 a prime number?
False
Is 633337 prime?
True
Is 34730107 a composite number?
False
Is 1853927 a prime number?
True
Is 99084493 a prime number?
True
Is 6808397 composite?
False
Is 6586121 prime?
True
Is 7369387 a composite number?
False
Is 35579917 composite?
False
Is 15733153 a composite number?
True
Is 4946237 composite?
False
Is 14645893 a composite number?
True
Is 4065727 a prime number?
True
Is 17500357 a composite number?
True
Is 3087703 a composite number?
False
Is 9908693 a prime number?
True
Is 5828591 a prime number?
False
Is 45224867 a prime number?
True
Is 82099601 a prime number?
True
Is 29898821 composite?
False
Is 1247641093 a prime number?
True
Is 87289 prime?
False
Is 1158923 composite?
False
Is 824609129 a prime number?
True
Is 874763 prime?
True
Is 146417771 prime?
True
Is 3660665 prime?
False
Is 36459109 composite?
True
Is 18133721 prime?
True
Is 566811169 a prime number?
True
Is 791513 composite?
True
Is 4099297 a prime number?
False
Is 26157199 prime?
True
Is 490560241 composite?
False
Is 2433481 composite?
True
Is 166398337 a prime number?
False
Is 155527163 a composite number?
True
Is 39602939 a composite number?
False
Is 751847893 prime?
True
Is 16525039 a composite number?
False
Is 2995147 composite?
True
Is 691027 a prime number?
False
Is 623070683 composite?
False
Is 34316215 a prime number?
False
Is 3727021 a prime number?
False
Is 1384829 a composite number?
False
Is 92650001 prime?
False
Is 48248933 a prime number?
True
Is 8596673 composite?
True
Is 282380519 composite?
True
Is 537610259 a composite number?
True
Is 46426411 a prime number?
False
Is 2915243 a composite number?
False
Is 1619809 composite?
True
Is 15548719 prime?
False
Is 68149381 composite?
False
Is 4389647 a prime number?
True
Is 83619127 composite?
True
Is 396118295 a composite number?
True
Is 509422079 composite?
False
Is 24597257 composite?
False
Is 15051037 composite?
True
Is 19845107 a prime number?
False
Is 1595519 composite?
True
Is 5877133 composite?
True
Is 3093191 a prime number?
False
Is 800671 a prime number?
False
Is 97990427 a composite number?
False
Is 2058371 a composite number?
True
Is 123088307 composite?
True
Is 9254351 composite?
False
Is 2010217 prime?
False
Is 174047 composite?
False
Is 13336399 a prime number?
True
Is 44383337 composite?
True
Is 70129987 a composite number?
True
Is 2037247 a composite number?
False
Is 89837 prime?
False
Is 223348481 prime?
True
Is 10786121 a prime number?
True
Is 43654999 prime?
True
Is 1342584763 a composite number?
True
Is 10674061 prime?
False
Is 988331 prime?
False
Is 66629 a composite number?
False
Is 94939399 a composite number?
True
Is 27330871 prime?
False
Is 10957799 composite?
True
Is 43545569 a composite number?
False
Is 247774247 a composite number?
True
Is 82516909 a composite number?
False
Is 970747 composite?
False
Is 136347941 prime?
True
Is 401797 a composite number?
True
Is 265145749 prime?
False
Is 1313567 a composite number?
False
Is 1193671 composite?
True
Is 173930369 prime?
True
Is 1003949 a prime number?
False
Is 49640957 prime?
True
Is 3886801 a composite number?
False
Is 174949 a composite number?
True
Is 22569881 a prime number?
True
Is 15155819 a composite number?
True
Is 6878269 a composite number?
False
Is 159126551 a composite number?
True
Is 320683367 a composite number?
True
Is 934957 prime?
False
Is 7243534 a prime number?
False
Is 201326519 composite?
False
Is 458309 composite?
False
Is 1053839 prime?
False
Is 861161621 prime?
True
Is 392126573 prime?
False
Is 77864563 a composite number?
True
Is 1229314 a composite number?
True
Is 86741 a prime number?
False
Is 9698957 a composite number?
False
Is 8319551 composite?
True
Is 6418103 prime?
True
Is 25030007 a prime number?
False
Is 295826497 a prime number?
True
Is 5339753 prime?
False
Is 137922541 prime?
False
Is 66581969 a composite number?
False
Is 20243441 a prime number?
False
Is 12253751 a composite number?
True
Is 585505 a composite number?
True
Is 890350519 a prime number?
True
Is 192122543 a composite number?
False
Is 65217869 prime?
True
Is 70655087 composite?
False
Is 1958437 a composite number?
True
Is 9940369 a prime number?
True
Is 121665841 prime?
False
Is 289187 a composite number?
True
Is 13596599 prime?
True
Is 28069571 a prime number?
False
Is 2317193 a prime number?
False
Is 119924101 prime?
False
Is 4128151 a composite number?
True
Is 14096171 a composite number?
True
Is 52166867 composite?
False
Is 6603637 composite?
True
Is 11689357 prime?
True
Is 21626543 a composite number?
False
Is 16453798 a composite number?
True
Is 6380863 a composite number?
False
Is 4095797 prime?
True
Is 272399 composite?
False
Is 838837 a composite number?
False
Is 22134377 composite?
False
Is 87505667 composite?
True
Is 99035609 prime?
False
Is 484829 a composite number?
False
Is 15935531 a composite number?
False
Is 211969867 composite?
False
Is 97835929 prime?
True
Is 195377677 composite?
True
Is 3129501 composite?
True
Is 1483650221 composite?
False
Is 4447783 a prime number?
True
Is 423001 a prime number?
True
Is 21128773 a prime number?
False
Is 238354565 prime?
False
Is 1066883 prime?
True
Is 75421937 composite?
False
Is 17990837 composite?
False
Is 287372279 prime?
True
Is 1040569 prime?
False
Is 285983981 prime?
True
Is 1566511 a composite number?
True
Is 304678507 composite?
True
Is 43649371 a composite number?
False
Is 4701661 prime?
True
Is 4721023 a prime number?
False
Is 34329073 prime?
True
Is 7162733 a prime number?
True
Is 4030757 a prime number?
True
Is 1297033 a composite number?
True
Is 902087 a prime number?
True
Is 148024127 a prime number?
False
Is 232136263 prime?
False
Is 399433 prime?
True
Is 33569 a composite number?
False
Is 8677651 prime?
True
Is 121439503 prime?
True
Is 6831971 a composite number?
False
Is 391913579 a composite number?
False
Is 7084591 prime?
True
Is 40009387 a prime number?
False
Is 2090267 a composite number?
True
Is 11248891 a composite number?
False
Is 307715 a prime number?
False
Is 557581 a prime number?
False
Is 23767129 a composite number?
True
Is 9220559 prime?
True
Is 1426579519 prime?
True
Is 12326267 prime?
False
Is 16693678 a composite number?
True
Is 2099954 a composite number?
True
Is 55457141 composite?
False
Is 1874649443 prime?
True
Is 3340537 prime?
False
Is 680503 a prime number?
True
Is 37709401 composite?
True
Is 6455767 prime?
False
Is 23983961 a prime number?
False
Is 5676383 a composite number?
True
Is 28088789 a composite number?
False
Is 909115343 a composite number?
False
Is 60693799 a composite number?
False
Is 191369 prime?
False
Is 485191 composite?
True
Is 7686391 a prime number?
True
Is 1591663 composite?
False
Is 9511199 a prime number?
True
Is 28631773 a prime number?
True
Is 380241757 composite?
True
Is 703618397 prime?
True
Is 3451363 a prime number?
True
Is 23172509 composite?
False
Is 66233683 prime?
False
Is 14907797 composite?
True
Is 11641033 a prime number?
True
Is 3247693 a prime number?
False
Is 1052431 prime?
True
Is 1415599 composite?
True
Is 38433677 composite?
False
Is 9446291 prime?
True
Is